s digit of 2420153018?
2
What is the millions digit of 113532834?
3
What is the tens digit of 4683458553?
5
What is the ten millions digit of 39384398?
3
What is the hundred millions digit of 2506130609?
5
What is the ten millions digit of 760648702?
6
What is the hundred millions digit of 372233554?
3
What is the ten thousands digit of 328688152?
8
What is the ten thousands digit of 7520650160?
5
What is the ten millions digit of 184326162?
8
What is the millions digit of 3302772086?
2
What is the ten thousands digit of 5057264006?
6
What is the hundreds digit of 147602644?
6
What is the ten millions digit of 195538725?
9
What is the ten thousands digit of 717524313?
2
What is the thousands digit of 25021823?
1
What is the millions digit of 15401093?
5
What is the hundred thousands digit of 1169270613?
2
What is the thousands digit of 1099616591?
6
What is the millions digit of 118706914?
8
What is the ten thousands digit of 277957493?
5
What is the tens digit of 6105201168?
6
What is the ten millions digit of 120281084?
2
What is the millions digit of 166116067?
6
What is the units digit of 135844605?
5
What is the ten millions digit of 4508061610?
0
What is the ten millions digit of 69075986?
6
What is the hundred thousands digit of 154711033?
7
What is the ten thousands digit of 2194423658?
2
What is the millions digit of 165109705?
5
What is the hundreds digit of 2449770553?
5
What is the units digit of 193048048?
8
What is the millions digit of 807130622?
7
What is the thousands digit of 3615767736?
7
What is the tens digit of 13419753?
5
What is the units digit of 7068810489?
9
What is the ten thousands digit of 96220096?
2
What is the hundred thousands digit of 195435956?
4
What is the units digit of 76196856?
6
What is the tens digit of 848999166?
6
What is the tens digit of 889714023?
2
What is the ten millions digit of 64197108?
6
What is the hundred millions digit of 4143559885?
1
What is the millions digit of 2583306167?
3
What is the millions digit of 107912933?
7
What is the tens digit of 2803333411?
1
What is the ten thousands digit of 2168548830?
4
What is the hundred millions digit of 582896083?
5
What is the billions digit of 1447964779?
1
What is the ten millions digit of 27162687?
2
What is the tens digit of 18130254?
5
What is the hundred thousands digit of 1010930967?
9
What is the units digit of 333546944?
4
What is the thousands digit of 17448799?
8
What is the units digit of 252930904?
4
What is the ten millions digit of 129840350?
2
What is the thousands digit of 30240220?
0
What is the units digit of 69689485?
5
What is the tens digit of 55441737?
3
What is the hundred thousands digit of 3993557250?
5
What is the ten thousands digit of 14544697?
4
What is the hundred thousands digit of 67194688?
1
What is the thousands digit of 26085928?
5
What is the hundred millions digit of 1389087669?
3
What is the billions digit of 1365323161?
1
What is the ten thousands digit of 544018818?
1
What is the hundred millions digit of 289866923?
2
What is the hundreds digit of 487790100?
1
What is the units digit of 15126238?
8
What is the tens digit of 5732485804?
0
What is the units digit of 868097114?
4
What is the hundred thousands digit of 1914180459?
1
What is the millions digit of 92178631?
2
What is the millions digit of 311259517?
1
What is the millions digit of 4978501004?
8
What is the ten millions digit of 75234878?
7
What is the ten millions digit of 155255141?
5
What is the tens digit of 535040967?
6
What is the millions digit of 5882225002?
2
What is the tens digit of 12383306?
0
What is the millions digit of 22015638?
2
What is the ten thousands digit of 184228874?
2
What is the thousands digit of 336355844?
5
What is the units digit of 1075075846?
6
What is the ten thousands digit of 2369716405?
1
What is the units digit of 59482521?
1
What is the ten thousands digit of 211097450?
9
What is the ten thousands digit of 68222421?
2
What is the hundred thousands digit of 2038092364?
0
What is the millions digit of 1609269128?
9
What is the tens digit of 109281746?
4
What is the hundred thousands digit of 43141880?
1
What is the hundred millions digit of 548730205?
5
What is the hundreds digit of 276035819?
8
What is the units digit of 354532485?
5
What is the ten thousands digit of 177554421?
5
What is the hundred thousands digit of 113578581?
5
What is the hundreds digit of 152333298?
2
What is the ten millions digit of 10037745?
1
What is the units digit of 2345978352?
2
What is the millions digit of 424439375?
4
What is the tens digit of 41941088?
8
What is the hundred thousands digit of 426359953?
3
What is the hundred thousands digit of 2942020597?
0
What is the hundreds digit of 2304190446?
4
What is the ten millions digit of 267095015?
6
What is the thousands digit of 442479441?
9
What is the hundreds digit of 821605133?
1
What is the units digit of 24170428?
8
What is the millions digit of 124617154?
4
What is the hundred thousands digit of 393244512?
2
What is the ten thousands digit of 423650170?
5
What is the ten millions digit of 3959749326?
5
What is the units digit of 12456638?
8
What is the units digit of 40592362?
2
What is the hundreds digit of 33268729?
7
What is the ten millions digit of 224419985?
2
What is the ten millions digit of 42982664?
4
What is the tens digit of 6385481561?
6
What is the ten millions digit of 5687600113?
8
What is the hundred millions digit of 225600394?
2
What is the hundred thousands digit of 2223387904?
3
What is the ten thousands digit of 1002124028?
2
What is the hundreds digit of 442282537?
5
What is the hundred thousands digit of 15999429?
9
What is the tens digit of 288215913?
1
What is the millions digit of 76145407?
6
What is the hundred millions digit of 4116632702?
1
What is the tens digit of 1608479108?
0
What is the tens digit of 70645349?
4
What is the tens digit of 1448594840?
4
What is the ten thousands digit of 841248247?
4
What is the ten thousands digit of 50015239?
1
What is the hundred thousands digit of 2111212064?
2
What is the tens digit of 140646018?
1
What is the ten millions digit of 114606394?
1
What is the thousands digit of 2525490985?
0
What is the hundreds digit of 273382711?
7
What is the millions digit of 201221070?
1
What is the ten millions digit of 51527409?
5
What is the thousands digit of 131687426?
7
What is the tens digit of 811684381?
8
What is the units digit of 50912153?
3
What is the hundreds digit of 347194454?
4
What is the ten thousands digit of 4259001?
5
What is the hundreds digit of 41020044?
0
What is the hundred millions digit of 247318039?
2
What is the tens digit of 781028014?
1
What is the millions digit of 233903549?
3
What is the ten thousands digit of 35319013?
1
What is the tens digit of 57610518?
1
What is the millions digit of 751638283?
1
What is the millions digit of 96850118?
6
What is the hundred thousands digit of 1425014185?
0
What is the tens digit of 36720388?
8
What is the thousands digit of 147246284?
6
What is the hundreds digit of 36481916?
9
What is the ten thousands digit of 70847229?
4
What is the ten thousands digit of 54442255?
4
What is the units digit of 197790927?
7
What is the ten millions digit of 1424657727?
2
What is the ten millions digit of 10279438?
1
What is the millions digit of 44969413?
4
What is the hundreds digit of 165587094?
0
What is the hundred thousands digit of 68381868?
3
What is the thousands digit of 371740176?
0
What is the thousands digit of 856937990?
7
What is the ten millions digit of 524350978?
2
What is the ten millions digit of 1241424915?
4
What is the ten millions digit of 11809929?
1
What is the tens digit of 9963359?
5
What is the hundreds digit of 44025017?
0
What is the hundreds digit of 11412838?
8
What is the hundreds digit of 2714823555?
5
What is the tens digit of 248724489?
8
What is the billions digit of 2159874635?
2
What is the hundred thousands digit of 3352803017?
8
What is the hundreds digit of 1672669083?
0
What is the billions digit of 1002015733?
1
What is the tens digit of 1140111169?
6
What is the ten thousands digit of 1015131634?
3
What is the ten millions digit of 519756688?
1
What is the hundred thousands digit of 97406860?
4
What is 